e tens digit of u/7 - (120/70 + -2)?
1
Let k = 250 - 34. Suppose -m - 3*m + 4384 = 0. Suppose -5*a + m = k. What is the tens digit of a?
7
Let r be (4/(-12))/((-7)/84). Suppose r*f - 161 = -3*x, -49 = -x + 4*f + 26. What is the tens digit of x?
5
Let k = -320 - -325. Suppose 9 = 2*f - 1, k*f + 521 = 2*m. What is the tens digit of m?
7
Suppose -i + 60 = 5*i. Let f be 1916/i - 15/25. Let r = f - 88. What is the tens digit of r?
0
What is the hundreds digit of (-1 + (-10 - 73))/(4 - (-430)/(-107))?
4
Suppose -1830 = 59*f - 64*f. Suppose 5*h = -q + 366, -q - 2*h + f = -h. What is the tens digit of q?
6
Suppose 5*z - 49 = 3*j, -2*z - 4*j = -8*j - 28. Let n be 5/(20/1636) - z/2. Suppose -n = -5*c + 325. What is the tens digit of c?
4
Suppose 78*w = 3*w + 751050. What is the tens digit of w?
1
Let x be (6/6)/(1/4). Suppose 4*u - 28 = 4*v, -13 = u - 0*u + x*v. Suppose 5*z = -3*c + 84, -z - u*c = -3*z + 42. What is the units digit of z?
8
Let l(p) = 32*p**2 - 17*p + 43. What is the thousands digit of l(12)?
4
Let w(h) be the first derivative of -20*h + 13 + h**3 + 11/2*h**2. What is the units digit of w(-7)?
0
Let x(q) = -78*q**3 - 4*q**2 + q - 6. Let r(g) = -g**2 - 2. Let b(w) = 4*r(w) - x(w). What is the tens digit of b(2)?
2
Let q = -650 + 1002. Let k be -4 - 9/((-36)/q). Suppose 3*s - 297 = -k. What is the units digit of s?
1
What is the units digit of (2 - 3)/((-1973158)/179377 - -11)?
7
Let x be 3*(-1)/(-3) - -4. Let o(f) = f**3 - 5*f**2 + f - 4. Let p be o(x). What is the tens digit of 0 + p/3*51?
1
Let b = -1794 - -3492. What is the units digit of (b/15)/(14/35)?
3
Suppose -3*y = -r + 2*r + 28, 2*y - 117 = 3*r. Let h = r + 42. What is the units digit of 4/(h - 1) + 69 + 1?
1
Suppose 0 = -y + 5*w - 10, 0 = -y + 6*y - 2*w - 19. Suppose -5*o - y*z + 2310 = 0, 0 = -z + 5*z - 20. What is the tens digit of o?
5
Let q(k) = -2*k + 18. Let d be q(8). Let t be (-4)/(-14) + (-118260)/(-189). Suppose -5*h = -3*l + t, 4*l + 2*h - 428 = d*l. What is the tens digit of l?
1
Suppose 58*i - 1296 = 10*i. Suppose -263 + i = -4*c. What is the units digit of c?
9
Suppose -3*c - 5*c - 6*c = 0. Suppose -4*y + 684 + 136 = c. Suppose -2*o + 3*a = -y, -2*o = o - a - 318. What is the units digit of o?
7
Suppose -2*v - 34 = y, 10 = -4*y + 3*v - 104. What is the units digit of ((-192)/10)/(12/y) - 3?
5
Suppose 5*n = -23*n + 140. Suppose 2*w = 3*h + 1388, -n*w + h = -2*h - 3461. What is the tens digit of w?
9
Suppose 0 = -3*j - 894 + 969. Suppose 5*b = j*b - 11140. What is the hundreds digit of b?
5
Suppose 0 = -4*h - 3*s + 40125, -16*h = -18*s + 14*s - 160580. What is the ten thousands digit of h?
1
Let h = 5773 + -2904. What is the thousands digit of h?
2
Suppose -4*d + 4825 = -5*j, 9 = 3*j - 0. Let c = -638 + d. What is the hundreds digit of c?
5
Suppose -14*c - 2 + 16 = 0. Let q(h) = 546*h - 3. What is the units digit of q(c)?
3
Let x = 310 + -313. What is the tens digit of ((-1)/x)/((-14)/(-13272))?
1
Let g(r) = 7*r**2 - 4*r - 16. Let z be g(7). Suppose 2*s = -3*s + 4*l - z, -3*l - 75 = s. Let o = s - -74. What is the units digit of o?
1
Let v = 22 - 18. Let d(j) = -29*j**3 - 2*j + 1. Let u be d(1). What is the units digit of (v/(-5))/(2/u)?
2
Let a(x) = -x**2 + 6*x - 3. Let g be a(4). Suppose 53*v = 490 - 278. Suppose 0 = v*z - 2*z - 3*u - 207, -g*z - 3*u = -570. What is the tens digit of z?
1
Suppose -67*q + 65*q + 2 = 0. Let o(p) = 314*p**3 - p**2 + p. What is the tens digit of o(q)?
1
Suppose 3*h - 32 = -5. What is the hundreds digit of (h + -4)*1/3*543?
9
What is the units digit of 160/(-40)*2/4*(-12914)/4?
7
Let j(i) = 9*i**2 - 5*i - 11. Let k(l) = l**3 - 2*l**2 - 3*l - 1. Let f be k(3). Let c be (4/2)/(2/3*f). What is the tens digit of j(c)?
8
Let r(q) = 586*q**2 + 28*q - 190. What is the tens digit of r(6)?
7
Suppose -10*a = 35 - 5. Let q(w) = 3*w**2 - 7*w - 8. What is the tens digit of q(a)?
4
Let n(d) = -11*d + 114. Let w be n(46). Let m = w + 814. What is the hundreds digit of m?
4
Suppose 2*h = j - 47705, 146*j - 147*j - h + 47711 = 0. What is the ten thousands digit of j?
4
Let m = -8531 - -15702. What is the tens digit of m?
7
Let j = 1151 - 817. Let d = j + -247. What is the tens digit of d?
8
Suppose -1672*d = -1670*d - 2584. Suppose 3*j - 2*s = 3697, 3*s = -4*j - d + 6227. What is the units digit of j?
3
What is the tens digit of 367094/11 + 4 - (-40)/(-220)?
7
Let x = 39197 + -14284. What is the ten thousands digit of x?
2
Suppose 0 = -4*t + 3*x + 2338, -4*t + 910 = 3*x - 1416. Suppose -2*b = -2*g - 133 - 269, 3*b = -g + t. What is the units digit of b?
6
Suppose 129389 + 136822 = 33*u - 5973. What is the hundreds digit of u?
2
Suppose -146*d - 118713 = -645627. What is the thousands digit of d?
3
Suppose -144*y + 394*y - 15624000 = 0. What is the tens digit of y?
9
Suppose 3*z + a + 6 - 2 = 0, 3*a = 2*z - 12. Suppose -i - 4 + 7 = z. Suppose 2*l = 6*b - i*b - 313, 278 = 3*b + 5*l. What is the tens digit of b?
0
Suppose -113384 + 29228 = -40*n + 159964. What is the units digit of n?
3
Let o(m) = m. Let u(q) = 5*q**2 - 96*q + 11. Let r(v) = 2*o(v) + u(v). What is the tens digit of r(26)?
4
Suppose 7*p - 6193 = -4*p. Let w = 1200 - p. What is the units digit of w?
7
Suppose 374*w = 332*w + 712992. What is the ten thousands digit of w?
1
Let r = 129749 - 77823. What is the ten thousands digit of r?
5
Let w = 946 + 12881. What is the thousands digit of w?
3
Suppose 2*m = -1 + 29. Let d = m - -28. Suppose -12*r = -6 - d. What is the units digit of r?
4
Let z = -13 - -27. Suppose z*o = 8*o. Suppose o = 2*q + i - 161, -q - i - 9 = -89. What is the units digit of q?
1
Let u = -40 + 29. Let h be 180/99 + (-13)/u + -1. Suppose 0 = -2*k + 5*v + 71, -2*v - 89 = -h*k - 15. What is the units digit of k?
8
Suppose 0 = -3*o, 0 = 3*k + 4*o - 53 + 266. Let a = k - -1165. Suppose -190 - a = -12*f. What is the tens digit of f?
0
Suppose -330 - 150 = -2*f. Suppose -o - 4*k + 181 + f = 0, -3*k = -3*o + 1323. What is the units digit of o?
7
Let a(p) = 6861*p**2 + 66*p - 3. What is the tens digit of a(2)?
7
Let q(t) = 3*t**3 + 141*t**2 + 173*t + 80. What is the hundreds digit of q(-39)?
8
Let c = -3818 - -11544. What is the hundreds digit of c?
7
Suppose -4*s = -v - 19331 + 2800, -4*v - 8262 = -2*s. What is the hundreds digit of s?
1
Suppose 4*y + l = 6*y + 15, 3*l + 11 = -2*y. Let o(v) = 2*v**2 - 5*v - 10. What is the tens digit of o(y)?
2
Suppose 0 = -3*i + 5*n + 118, -3*i - 3*n - n + 73 = 0. Suppose 18*b - i*b = -13091. What is the units digit of b?
7
Suppose 15*n = 12*n, -6272 = -i - i + 2*n. What is the tens digit of i?
3
Let n = 5006 - 458. What is the tens digit of n?
4
Suppose 1197 + 3937 = 17*d. Suppose d = 2*t + 1374. What is the units digit of (-1 + -1)/(-4*(-4)/t)?
7
Suppose 9*g - 24203 = 36887 + 23159. What is the thousands digit of g?
9
What is the tens digit of (0 - (-8)/12)/(4*7/648858)?
4
Let r be -4*(-4)/(-16)*-2. Let d(j) = 3*j - 12. Let a be d(4). Suppose 0 = -5*z - s + r*s + 357, -2*s - 4 = a. What is the tens digit of z?
7
Suppose 3*q + 2*t - 14103 = 21436, 0 = t - 5. What is the units digit of q?
3
Let l = 220 - 216. Suppose -l*q + 1279 + 2141 = 0. What is the units digit of q?
5
Let b = -18 - -20. Let a(q) = q**2 + 36 + 3*q + 0*q**2 - 8*q + b*q. What is the units digit of a(6)?
4
Let h = 126 - 141. Let q(l) = -13*l - 1. What is the hundreds digit of q(h)?
1
Suppose -557713 + 145873 = 204*z - 226*z. What is the ten thousands digit of z?
1
Suppose -3*o = v + 4*v - 12983, 5*v = -4*o + 12979. What is the units digit of v?
9
Suppose -4*a - 6 = -5*a + 5*g, 0 = 5*a - g - 54. Suppose -4*o = -a*o + 10927. What is the hundreds digit of o?
5
Let t be (-3 + 5 + -90)*-10. Let d(n) = -2*n + 5. Let x be d(4). What is the tens digit of (t/30)/((-1)/x)?
8
Suppose 3*r + 76*d - 5200 = 71*d, -4*d + 6920 = 4*r. Let w = 2416 - r. What is the units digit of w?
1
Suppose -13*k - 1614 - 14116 = 0. Let q = -282 - k. What is the tens digit of q?
2
Let l(h) = -6*h. Let d(q) = 99*q + 85. Let x(i) = d(i) + 3*l(i). What is the tens digit of x(8)?
3
Suppose 545*q - 5874 = 543*q. What is the hundreds digit of q?
9
Suppose 28*a = -49*a + 2404171. What is the tens digit of a?
2
Let v = 12331 + -10986. What is the tens digit of v?
4
Suppose -2*d - 9780 = -7*d. Suppose 16*g = d + 1100